{"id":1419,"date":"2016-06-28T00:00:00","date_gmt":"2016-06-28T00:00:00","guid":{"rendered":"https:\/\/minfin.cw\/updates\/bezoek-van-de-amerikaanse-belastingdienst-aan-curaa%c2%a7ao\/"},"modified":"2019-04-06T02:57:29","modified_gmt":"2019-04-06T02:57:29","slug":"bezoek-van-de-amerikaanse-belastingdienst-aan-curacao-nl","status":"publish","type":"updates","link":"https:\/\/minfin.cw\/nl\/updates\/bezoek-van-de-amerikaanse-belastingdienst-aan-curacao-nl\/","title":{"rendered":"Bezoek van de Amerikaanse Belastingdienst aan Cura\u00e7ao"},"content":{"rendered":"<p>Op 16 december 2014 hebben Cura\u00e7ao en de Verenigde Staten van Amerika een overeenkomst gesloten, de zogenaamde Inter Governmental Agreement (IGA), tot verbetering van de internationale naleving van de belastingplicht en de tenuitvoerlegging van de Foreign Account Tax Compliance Act (FATCA).<br \/>\nDe FATCA is een Amerikaanse wet die financi\u00eble instellingen wereldwijd, dus ook in Cura\u00e7ao, verplicht jaarlijks te rapporteren aan de Amerikaanse Belastingdienst, de IRS, over rekeningen die worden gehouden door Amerikaanse belastingplichtigen.<\/p>\n<p>Op grond van de gesloten Inter Gouvernementele Overeenkomst hoeven de Cura\u00e7aose financi\u00eble instellingen de betreffende gegevens niet rechtstreeks aan de Amerikaanse Belastingdienst te leveren, maar zal de gegevenslevering via de Cura\u00e7aose Inspectie der Belastingen plaatsvinden. De eerste gegevenslevering aan de Amerikaanse Belastingdienst dient plaats te vinden in september van dit jaar.<\/p>\n<p>Om te bewerkstelligen dat de eerste gegevenslevering in september plaats kan vinden, moeten er onder meer een aantal formaliteiten afgerond worden. \u00c9\u00e9n van die formaliteiten betreft een bezoek van de Amerikaanse Belastingdienst aan Cura\u00e7ao. Het doel van dit bezoek is dat de Amerikaanse Belastingdienst een volledig beeld krijgt van allerlei zaken die relevant zijn met betrekking tot het doen slagen van de automatische uitwisseling van belastinggegevens tussen de Verenigde Staten en Cura\u00e7ao. Te denken valt hierbij aan informatie voor het verkrijgen van inzicht in de bedrijfsorganisatie van de Inspectie der Belastingen, IT technology and Technical platform, het Legal Framework and Information Security Management.<\/p>\n<p>Bedoeld bezoek vond plaats op 2 en 3 maart jongstleden. Op 2 maart is een vierkoppige delegatie van de Amerikaanse Belastingdienst verwelkomd op het Ministerie van Financi\u00ebn door de waarnemend minister van Financi\u00ebn. Gedurende twee dagen hebben er allerhande presentaties plaatsgevonden gerelateerd aan eerdergenoemde onderwerpen. De presentaties zijn verzorgd door de Sector Fiscale Zaken, de Inspectie der Belastingen, Bearing Point, Amicorp en CTEX. De Amerikaanse Belastingdienst heeft ook hun eigen bedrijfsorganisatie toegelicht en tussen de presentaties door waren er interactieve discussies. Ter afsluiting heeft de Amerikaanse Belastingdienst aangegeven welke aandachtspunten er nog zijn en heeft zij haar waardering geuit voor het zinvolle bezoek.<\/p>\n<p>De Sector Fiscale Zaken kijkt terug op een geslaagde onsite visit. Er zal ten volste gewerkt worden aan de gesignaleerde aandachtspunten zodat tijdig aan de verplichtingen van de IGA en de FATCA voldaan kan worden.<\/p>\n<div id=\"attachment_1857\" style=\"width: 1034px\" class=\"wp-caption aligncenter\"><img loading=\"lazy\" decoding=\"async\" aria-describedby=\"caption-attachment-1857\" class=\"size-large wp-image-1857\" src=\"https:\/\/minfin.cw\/wp-content\/uploads\/2016\/06\/Picture-1024x576.jpg\" alt=\"\" width=\"1024\" height=\"576\" srcset=\"https:\/\/minfin.cw\/wp-content\/uploads\/2016\/06\/Picture-1024x576.jpg 1024w, https:\/\/minfin.cw\/wp-content\/uploads\/2016\/06\/Picture-300x169.jpg 300w, https:\/\/minfin.cw\/wp-content\/uploads\/2016\/06\/Picture-768x432.jpg 768w, https:\/\/minfin.cw\/wp-content\/uploads\/2016\/06\/Picture-260x146.jpg 260w, https:\/\/minfin.cw\/wp-content\/uploads\/2016\/06\/Picture-50x28.jpg 50w, https:\/\/minfin.cw\/wp-content\/uploads\/2016\/06\/Picture-133x75.jpg 133w, https:\/\/minfin.cw\/wp-content\/uploads\/2016\/06\/Picture-1200x675.jpg 1200w\" sizes=\"auto, (max-width: 1024px) 100vw, 1024px\" \/><p id=\"caption-attachment-1857\" class=\"wp-caption-text\">Foto-onderschrift: Vertegenwoordigers van de Sector Fiscale Zaken, de Inspectie der Belastingen, Bearing Point, Amicorp en CTEX die aan bijeenkomsten deelnamen<\/p><\/div>\n","protected":false},"featured_media":0,"parent":0,"menu_order":0,"template":"","categories":[90],"tags":[],"class_list":["post-1419","updates","type-updates","status-publish","hentry","category-persberichten"],"acf":[],"_links":{"self":[{"href":"https:\/\/minfin.cw\/nl\/wp-json\/wp\/v2\/updates\/1419","targetHints":{"allow":["GET"]}}],"collection":[{"href":"https:\/\/minfin.cw\/nl\/wp-json\/wp\/v2\/updates"}],"about":[{"href":"https:\/\/minfin.cw\/nl\/wp-json\/wp\/v2\/types\/updates"}],"version-history":[{"count":3,"href":"https:\/\/minfin.cw\/nl\/wp-json\/wp\/v2\/updates\/1419\/revisions"}],"predecessor-version":[{"id":1876,"href":"https:\/\/minfin.cw\/nl\/wp-json\/wp\/v2\/updates\/1419\/revisions\/1876"}],"wp:attachment":[{"href":"https:\/\/minfin.cw\/nl\/wp-json\/wp\/v2\/media?parent=1419"}],"wp:term":[{"taxonomy":"category","embeddable":true,"href":"https:\/\/minfin.cw\/nl\/wp-json\/wp\/v2\/categories?post=1419"},{"taxonomy":"post_tag","embeddable":true,"href":"https:\/\/minfin.cw\/nl\/wp-json\/wp\/v2\/tags?post=1419"}],"curies":[{"name":"wp","href":"https:\/\/api.w.org\/{rel}","templated":true}]}}

Bezoek van de Amerikaanse Belastingdienst aan Curaçao

<p>Op 16 december 2014 hebben Curaçao en de Verenigde Staten van Amerika een overeenkomst gesloten, de zogenaamde Inter Governmental Agreement (IGA), tot verbetering van de internationale naleving van de belastingplicht en de tenuitvoerlegging van de Foreign Account Tax Compliance Act (FATCA).<br />
De FATCA is een Amerikaanse wet die financiële instellingen wereldwijd, dus ook in Curaçao, verplicht jaarlijks te rapporteren aan de Amerikaanse Belastingdienst, de IRS, over rekeningen die worden gehouden door Amerikaanse belastingplichtigen.</p>
<p>Op grond van de gesloten Inter Gouvernementele Overeenkomst hoeven de Curaçaose financiële instellingen de betreffende gegevens niet rechtstreeks aan de Amerikaanse Belastingdienst te leveren, maar zal de gegevenslevering via de Curaçaose Inspectie der Belastingen plaatsvinden. De eerste gegevenslevering aan de Amerikaanse Belastingdienst dient plaats te vinden in september van dit jaar.</p>
<p>Om te bewerkstelligen dat de eerste gegevenslevering in september plaats kan vinden, moeten er onder meer een aantal formaliteiten afgerond worden. Één van die formaliteiten betreft een bezoek van de Amerikaanse Belastingdienst aan Curaçao. Het doel van dit bezoek is dat de Amerikaanse Belastingdienst een volledig beeld krijgt van allerlei zaken die relevant zijn met betrekking tot het doen slagen van de automatische uitwisseling van belastinggegevens tussen de Verenigde Staten en Curaçao. Te denken valt hierbij aan informatie voor het verkrijgen van inzicht in de bedrijfsorganisatie van de Inspectie der Belastingen, IT technology and Technical platform, het Legal Framework and Information Security Management.</p>
<p>Bedoeld bezoek vond plaats op 2 en 3 maart jongstleden. Op 2 maart is een vierkoppige delegatie van de Amerikaanse Belastingdienst verwelkomd op het Ministerie van Financiën door de waarnemend minister van Financiën. Gedurende twee dagen hebben er allerhande presentaties plaatsgevonden gerelateerd aan eerdergenoemde onderwerpen. De presentaties zijn verzorgd door de Sector Fiscale Zaken, de Inspectie der Belastingen, Bearing Point, Amicorp en CTEX. De Amerikaanse Belastingdienst heeft ook hun eigen bedrijfsorganisatie toegelicht en tussen de presentaties door waren er interactieve discussies. Ter afsluiting heeft de Amerikaanse Belastingdienst aangegeven welke aandachtspunten er nog zijn en heeft zij haar waardering geuit voor het zinvolle bezoek.</p>
<p>De Sector Fiscale Zaken kijkt terug op een geslaagde onsite visit. Er zal ten volste gewerkt worden aan de gesignaleerde aandachtspunten zodat tijdig aan de verplichtingen van de IGA en de FATCA voldaan kan worden.</p>
<div id="attachment_1857" style="width: 1034px" class="wp-caption aligncenter"><img loading="lazy" decoding="async" aria-describedby="caption-attachment-1857" class="size-large wp-image-1857" src="https://minfin.cw/wp-content/uploads/2016/06/Picture-1024x576.jpg" alt="" width="1024" height="576" srcset="https://minfin.cw/wp-content/uploads/2016/06/Picture-1024x576.jpg 1024w, https://minfin.cw/wp-content/uploads/2016/06/Picture-300x169.jpg 300w, https://minfin.cw/wp-content/uploads/2016/06/Picture-768x432.jpg 768w, https://minfin.cw/wp-content/uploads/2016/06/Picture-260x146.jpg 260w, https://minfin.cw/wp-content/uploads/2016/06/Picture-50x28.jpg 50w, https://minfin.cw/wp-content/uploads/2016/06/Picture-133x75.jpg 133w, https://minfin.cw/wp-content/uploads/2016/06/Picture-1200x675.jpg 1200w" sizes="auto, (max-width: 1024px) 100vw, 1024px" /><p id="caption-attachment-1857" class="wp-caption-text">Foto-onderschrift: Vertegenwoordigers van de Sector Fiscale Zaken, de Inspectie der Belastingen, Bearing Point, Amicorp en CTEX die aan bijeenkomsten deelnamen</p></div>
